0?
12
What is the remainder when 17304948 is divided by 1494?
1440
What is the remainder when 108239 is divided by 1090?
329
Calculate the remainder when 3416184 is divided by 12940.
24
What is the remainder when 9080447 is divided by 76?
43
Calculate the remainder when 5311944 is divided by 5311933.
11
Calculate the remainder when 192507 is divided by 3526.
2103
Calculate the remainder when 8257134 is divided by 119.
81
Calculate the remainder when 534704 is divided by 1270.
34
What is the remainder when 140175 is divided by 254?
221
Calculate the remainder when 5181005 is divided by 2590501.
3
What is the remainder when 361594 is divided by 5649?
58
What is the remainder when 181766 is divided by 173290?
8476
Calculate the remainder when 226966 is divided by 465.
46
Calculate the remainder when 442033 is divided by 165.
163
Calculate the remainder when 25755 is divided by 3678.
9
Calculate the remainder when 16480278 is divided by 659211.
3
Calculate the remainder when 24010509 is divided by 151.
150
Calculate the remainder when 2169755 is divided by 2272.
2267
Calculate the remainder when 266021 is divided by 87329.
4034
What is the remainder when 3346919 is divided by 220?
59
Calculate the remainder when 1995823 is divided by 1035.
343
What is the remainder when 56393 is divided by 1645?
463
What is the remainder when 10128988 is divided by 3133?
3132
What is the remainder when 90828 is divided by 591?
405
Calculate the remainder when 4084964 is divided by 31.
1
Calculate the remainder when 26247165 is divided by 131.
5
Calculate the remainder when 67402 is divided by 16709.
566
Calculate the remainder when 7781418 is divided by 459.
450
What is the remainder when 14616827 is divided by 1730?
57
Calculate the remainder when 742930 is divided by 108.
106
What is the remainder when 248829 is divided by 4365?
24
What is the remainder when 2932541413 is divided by 8?
5
What is the remainder when 1651392 is divided by 13?
2
Calculate the remainder when 615965 is divided by 2471.
686
Calculate the remainder when 386187 is divided by 128596.
399
What is the remainder when 275688 is divided by 30632?
0
What is the remainder when 2485857 is divided by 543?
3
What is the remainder when 17315234 is divided by 304?
2
What is the remainder when 5346016 is divided by 271?
270
Calculate the remainder when 1406583 is divided by 19006.
139
What is the remainder when 5972751 is divided by 1883?
1758
Calculate the remainder when 191593 is divided by 47329.
2277
What is the remainder when 38182645 is divided by 101?
100
Calculate the remainder when 72919 is divided by 324.
19
Calculate the remainder when 4641 is divided by 833.
476
Calculate the remainder when 10775902 is divided by 54700.
2
What is the remainder when 18663613 is divided by 453?
13
What is the remainder when 2041747 is divided by 6608?
6483
Calculate the remainder when 9975368 is divided by 131.
111
What is the remainder when 538710 is divided by 159?
18
What is the remainder when 653148 is divided by 2446?
66
What is the remainder when 233282 is divided by 4318?
110
What is the remainder when 6758524 is divided by 43?
42
Calculate the remainder when 33096835 is divided by 1230.
1225
Calculate the remainder when 11326332 is divided by 5663137.
58
Calculate the remainder when 251940 is divided by 10507.
10279
Calculate the remainder when 1646248 is divided by 244.
224
Calculate the remainder when 430169777 is divided by 970.
967
Calculate the remainder when 1042010 is divided by 105.
95
What is the remainder when 97720 is divided by 634?
84
Calculate the remainder when 4115715 is divided by 40.
35
Calculate the remainder when 185020 is divided by 36974.
150
What is the remainder when 2100690 is divided by 42871?
11
Calculate the remainder when 496009 is divided by 496006.
3
What is the remainder when 6502388 is divided by 813?
14
Calculate the remainder when 1323344 is divided by 418.
374
What is the remainder when 164364 is divided by 5648?
572
Calculate the remainder when 1066124 is divided by 234.
20
Calculate the remainder when 752535 is divided by 1361.
1263
Calculate the remainder when 47103617 is divided by 20.
17
What is the remainder when 5823875 is divided by 23?
22
Calculate the remainder when 112834 is divided by 2296.
330
What is the remainder when 1324334 is divided by 1306?
50
What is the remainder when 1756480 is divided by 250923?
19
Calculate the remainder when 483916 is divided by 161286.
58
What is the remainder when 587884 is divided by 6254?
8
What is the remainder when 15912 is divided by 3202?
3104
What is the remainder when 95491 is divided by 43918?
7655
Calculate the remainder when 1552052 is divided by 59.
57
What is the remainder when 4155383 is divided by 12?
11
What is the remainder when 49382304 is divided by 16460761?
21
What is the remainder when 913249 is divided by 7247?
127
What is the remainder when 114114 is divided by 209?
0
Calculate the remainder when 209999 is divided by 198.
119
Calculate the remainder when 176744 is divided by 5153.
1542
What is the remainder when 124123403 is divided by 542?
525
What is the remainder when 4097371 is divided by 20?
11
Calculate the remainder when 14058 is divided by 5493.
3072
What is the remainder when 2315891 is divided by 869?
6
Calculate the remainder when 183874 is divided by 4710.
184
Calculate the remainder when 965083 is divided by 90.
13
Calculate the remainder when 227458937 is divided by 16.
9
Calculate the remainder when 6494389 is divided by 42.
13
Calculate the remainder when 42237 is divided by 3220.
377
Calculate the remainder when 336153 is divided by 490.
13
What is the remainder when 88468239 is divided by 4914901?
21
What is the remainder when 14115 is divided by 1492?
687
Calculate the remainder when 33180407 is divided by 2301.
2288
Calculate the remainder when 2924347 is divided by 142.
141
What is the remainder when 254432 is divided by 27741?
4763
Calculate the remainder when 1458724 is divided by 35.
29
What is the remainder when 5882882 is divided by 41?
38
Calculate the remainder when 102640 is divided by 867.
334
Calculate the remainder when 1810049 is divided by 2446.
9
Calculate the remainder when 2244654 is divided by 16.
14
What is the remainder when 766352 is divided by 95640?
1232
What is the remainder when 987622975 is divided by 6429?
6424
Calculate the remainder when 16647 is divided by 13.
7
Calculate the remainder when 3265251 is divided by 2855.
1986
Calculate the remainder when 6558487 is divided by 6558477.
10
Calculate the remainder when 8795 is divided by 2314.
1853
What is the remainder when 41248343 is divided by 195?
188
What is the remainder when 3648709 is divided by 65?
64
What is the remainder when 30253 is divided by 177?
163
Calculate the remainder when 45166 is divided by 22332.
502
Calculate the remainder when 1586160 is divided by 176235.
45
What is the remainder when 43029032 is divided by 722?
720
What is the remainder when 5884712 is divided by 3082?
1174
Calculate the remainder when 444105 is divided by 109.
39
Calculate the remainder when 233945 is divided by 12305.
150
What is the remainder when 72727 is divided by 1156?
1055
Calculate the remainder when 14234 is divided by 6272.
1690
What is the remainder when 3803085 is divided by 7?
6
What is the remainder when 381106 is divided by 3510?
2026
What is the remainder when 575963 is divided by 5937?
74
Calculate the remainder when 446156587 is divided by 124.
123
Calculate the remainder when 7874364 is divided by 79539.
3
What is the remainder when 896201 is divided by 87?
14
What is the remainder when 2751867214 is divided by 18?
16
Calculate the remainder when 1190880 is divided by 6107.
15
What is the remainder when 188861 is divided by 55?
46
Calculate the remainder when 707523 is divided by 141475.
148
Calculate the remainder when 2842689 is divided by 1039.
1024
Calculate the remainder when 488671 is divided by 741.
352
What is the remainder when 1208395 is divided by 63580?
375
Calculate the remainder when 4380599 is divided by 109.
107
What is the remainder when 52855849 is divided by 126?
109
What is the remainder when 65057 is divided by 31032?
2993
What is the remainder when 774176 is divi